[INFO] fetching crate solana_libra_crypto 0.0.1-sol5...
[INFO] checking solana_libra_crypto-0.0.1-sol5 against master#cfbc6d4cf1acbac5c025acf8ed68929caa551df3 for pr-75494-beta
[INFO] extracting crate solana_libra_crypto 0.0.1-sol5 into /workspace/builds/worker-9/source
[INFO] validating manifest of crates.io crate solana_libra_crypto 0.0.1-sol5 on toolchain cfbc6d4cf1acbac5c025acf8ed68929caa551df3
[INFO] running `Command { std: "/workspace/cargo-home/bin/cargo" "+cfbc6d4cf1acbac5c025acf8ed68929caa551df3" "read-manifest" "--manifest-path" "Cargo.toml", kill_on_drop: false }`
[INFO] started tweaking crates.io crate solana_libra_crypto 0.0.1-sol5
[INFO] finished tweaking crates.io crate solana_libra_crypto 0.0.1-sol5
[INFO] tweaked toml for crates.io crate solana_libra_crypto 0.0.1-sol5 written to /workspace/builds/worker-9/source/Cargo.toml
[INFO] running `Command { std: "/workspace/cargo-home/bin/cargo" "+cfbc6d4cf1acbac5c025acf8ed68929caa551df3" "generate-lockfile" "--manifest-path" "Cargo.toml" "-Zno-index-update", kill_on_drop: false }`
[INFO] running `Command { std: "/workspace/cargo-home/bin/cargo" "+cfbc6d4cf1acbac5c025acf8ed68929caa551df3" "fetch" "--locked" "--manifest-path" "Cargo.toml", kill_on_drop: false }`
[INFO] running `Command { std: "docker" "create" "-v" "/var/lib/crater-agent-workspace/builds/worker-9/target:/opt/rustwide/target:rw,Z" "-v" "/var/lib/crater-agent-workspace/builds/worker-9/source:/opt/rustwide/workdir:ro,Z" "-v" "/var/lib/crater-agent-workspace/cargo-home:/opt/rustwide/cargo-home:ro,Z" "-v" "/var/lib/crater-agent-workspace/rustup-home:/opt/rustwide/rustup-home:ro,Z" "-e" "SOURCE_DIR=/opt/rustwide/workdir" "-e" "CARGO_TARGET_DIR=/opt/rustwide/target" "-e" "CARGO_HOME=/opt/rustwide/cargo-home" "-e" "RUSTUP_HOME=/opt/rustwide/rustup-home" "-w" "/opt/rustwide/workdir" "-m" "1610612736" "--user" "0:0" "--network" "none" "rustops/crates-build-env@sha256:a636fd89d022f18117e1dc8fb37a0a009933cdbbe082814857f0e2024962d47c" "/opt/rustwide/cargo-home/bin/cargo" "+cfbc6d4cf1acbac5c025acf8ed68929caa551df3" "metadata" "--no-deps" "--format-version=1", kill_on_drop: false }`
[INFO] [stdout] 4445fe8553e246e858782c885e13d0d1e97e7a95bf166da780f85f5e8461fafb
[INFO] [stderr] WARNING: Your kernel does not support swap limit capabilities or the cgroup is not mounted. Memory limited without swap.
[INFO] running `Command { std: "docker" "start" "-a" "4445fe8553e246e858782c885e13d0d1e97e7a95bf166da780f85f5e8461fafb", kill_on_drop: false }`
[INFO] running `Command { std: "docker" "inspect" "4445fe8553e246e858782c885e13d0d1e97e7a95bf166da780f85f5e8461fafb", kill_on_drop: false }`
[INFO] running `Command { std: "docker" "rm" "-f" "4445fe8553e246e858782c885e13d0d1e97e7a95bf166da780f85f5e8461fafb", kill_on_drop: false }`
[INFO] [stdout] 4445fe8553e246e858782c885e13d0d1e97e7a95bf166da780f85f5e8461fafb
[INFO] running `Command { std: "docker" "create" "-v" "/var/lib/crater-agent-workspace/builds/worker-9/target:/opt/rustwide/target:rw,Z" "-v" "/var/lib/crater-agent-workspace/builds/worker-9/source:/opt/rustwide/workdir:ro,Z" "-v" "/var/lib/crater-agent-workspace/cargo-home:/opt/rustwide/cargo-home:ro,Z" "-v" "/var/lib/crater-agent-workspace/rustup-home:/opt/rustwide/rustup-home:ro,Z" "-e" "SOURCE_DIR=/opt/rustwide/workdir" "-e" "CARGO_TARGET_DIR=/opt/rustwide/target" "-e" "CARGO_INCREMENTAL=0" "-e" "RUST_BACKTRACE=full" "-e" "RUSTFLAGS=--cap-lints=forbid" "-e" "CARGO_HOME=/opt/rustwide/cargo-home" "-e" "RUSTUP_HOME=/opt/rustwide/rustup-home" "-w" "/opt/rustwide/workdir" "-m" "1610612736" "--user" "0:0" "--network" "none" "rustops/crates-build-env@sha256:a636fd89d022f18117e1dc8fb37a0a009933cdbbe082814857f0e2024962d47c" "/opt/rustwide/cargo-home/bin/cargo" "+cfbc6d4cf1acbac5c025acf8ed68929caa551df3" "check" "--frozen" "--all" "--all-targets" "--message-format=json", kill_on_drop: false }`
[INFO] [stdout] 9e86a9635a6002739579bb2abd62de1c01eaba31a10da785c068760c6f573dfd
[INFO] [stderr] WARNING: Your kernel does not support swap limit capabilities or the cgroup is not mounted. Memory limited without swap.
[INFO] running `Command { std: "docker" "start" "-a" "9e86a9635a6002739579bb2abd62de1c01eaba31a10da785c068760c6f573dfd", kill_on_drop: false }`
[INFO] [stderr]    Compiling libc v0.2.76
[INFO] [stderr]    Compiling proc-macro2 v1.0.19
[INFO] [stderr]    Compiling unicode-xid v0.2.1
[INFO] [stderr]    Compiling syn v1.0.39
[INFO] [stderr]     Checking cfg-if v0.1.10
[INFO] [stderr]    Compiling getrandom v0.1.14
[INFO] [stderr]     Checking ppv-lite86 v0.2.9
[INFO] [stderr]    Compiling failure_derive v0.1.8
[INFO] [stderr]     Checking adler v0.2.3
[INFO] [stderr]     Checking gimli v0.22.0
[INFO] [stderr]     Checking object v0.20.0
[INFO] [stderr]     Checking rustc-demangle v0.1.16
[INFO] [stderr]     Checking remove_dir_all v0.5.3
[INFO] [stderr]    Compiling log v0.4.11
[INFO] [stderr]     Checking regex-syntax v0.6.18
[INFO] [stderr]     Checking lazy_static v1.4.0
[INFO] [stderr]     Checking radium v0.3.0
[INFO] [stderr]     Checking miniz_oxide v0.4.0
[INFO] [stderr]     Checking ripemd160 v0.8.0
[INFO] [stderr]     Checking sha2 v0.9.1
[INFO] [stderr]     Checking bitvec v0.17.4
[INFO] [stderr]    Compiling quote v1.0.7
[INFO] [stderr]     Checking rand_os v0.1.3
[INFO] [stderr]     Checking rand v0.4.6
[INFO] [stderr]     Checking wait-timeout v0.2.0
[INFO] [stderr]     Checking errno v0.2.6
[INFO] [stderr]     Checking iovec v0.1.4
[INFO] [stderr]     Checking bytes v0.4.12
[INFO] [stderr]     Checking rand v0.6.5
[INFO] [stderr]     Checking rand_core v0.5.1
[INFO] [stderr]     Checking memsec v0.5.7
[INFO] [stderr]     Checking rand_chacha v0.2.2
[INFO] [stderr]     Checking rand v0.7.3
[INFO] [stderr]     Checking rand04 v0.1.1
[INFO] [stderr]     Checking pairing v0.14.2
[INFO] [stderr]     Checking rand04_compat v0.1.1
[INFO] [stderr]     Checking addr2line v0.13.0
[INFO] [stderr]     Checking tempfile v3.1.0
[INFO] [stderr]     Checking rusty-fork v0.2.2
[INFO] [stderr]     Checking backtrace v0.3.50
[INFO] [stderr]     Checking proptest v0.9.6
[INFO] [stderr]    Compiling synstructure v0.12.4
[INFO] [stderr]    Compiling serde_derive v1.0.115
[INFO] [stderr]    Compiling zeroize_derive v1.0.0
[INFO] [stderr]    Compiling solana_libra_crypto-derive v0.0.1-sol5
[INFO] [stderr]     Checking zeroize v1.1.0
[INFO] [stderr]     Checking curve25519-dalek v3.0.0
[INFO] [stderr]     Checking curve25519-dalek v2.1.0
[INFO] [stderr]     Checking failure v0.1.8
[INFO] [stderr]     Checking solana_libra_failure_ext v0.0.1-sol5
[INFO] [stderr]     Checking solana_libra_canonical_serialization v0.0.1-sol5
[INFO] [stderr]     Checking x25519-dalek v0.6.0
[INFO] [stderr]     Checking serde v1.0.115
[INFO] [stderr]     Checking ed25519 v1.0.1
[INFO] [stderr]     Checking bincode v1.3.1
[INFO] [stderr]     Checking solana_libra_nibble v0.0.1-sol5
[INFO] [stderr]     Checking threshold_crypto v0.3.2
[INFO] [stderr]     Checking ed25519-dalek v1.0.0
[INFO] [stderr]     Checking solana_libra_crypto v0.0.1-sol5 (/opt/rustwide/workdir)
[INFO] [stdout] error[E0599]: no function or associated item named `from_bytes` found for struct `ed25519_dalek::Signature` in the current scope
[INFO] [stdout]    --> src/ed25519.rs:113:41
[INFO] [stdout]     |
[INFO] [stdout] 113 |         match ed25519_dalek::Signature::from_bytes(bytes) {
[INFO] [stdout]     |                                         ^^^^^^^^^^
[INFO] [stdout]     |                                         |
[INFO] [stdout]     |                                         function or associated item not found in `ed25519_dalek::Signature`
[INFO] [stdout]     |                                         help: there is an associated function with a similar name: `to_bytes`
[INFO] [stdout]     |
[INFO] [stdout]     = help: items from traits can only be used if the trait is in scope
[INFO] [stdout]     = note: the following trait is implemented but not in scope; perhaps add a `use` for it:
[INFO] [stdout]             `use ed25519_dalek::ed25519::signature::Signature;`
[INFO] [stdout] 
[INFO] [stdout] 
[INFO] [stdout] error[E0599]: no method named `verify` found for struct `ed25519_dalek::PublicKey` in the current scope
[INFO] [stdout]    --> src/ed25519.rs:322:14
[INFO] [stdout]     |
[INFO] [stdout] 322 |             .verify(message, &self.0)
[INFO] [stdout]     |              ^^^^^^ method not found in `ed25519_dalek::PublicKey`
[INFO] [stdout]     |
[INFO] [stdout]     = help: items from traits can only be used if the trait is in scope
[INFO] [stdout]     = note: the following trait is implemented but not in scope; perhaps add a `use` for it:
[INFO] [stdout]             `use ed25519_dalek::Verifier;`
[INFO] [stdout] 
[INFO] [stdout] 
[INFO] [stdout] error[E0599]: no method named `result` found for struct `ed25519_dalek::Sha512` in the current scope
[INFO] [stdout]    --> src/vrf/ecvrf.rs:197:22
[INFO] [stdout]     |
[INFO] [stdout] 197 |                     .result()[..32],
[INFO] [stdout]     |                      ^^^^^^ method not found in `ed25519_dalek::Sha512`
[INFO] [stdout] 
[INFO] [stdout] 
[INFO] [stdout] error[E0599]: no method named `input` found for struct `ed25519_dalek::Sha512` in the current scope
[INFO] [stdout]    --> src/vrf/ecvrf.rs:222:11
[INFO] [stdout]     |
[INFO] [stdout] 222 |         h.input(private_key.to_bytes());
[INFO] [stdout]     |           ^^^^^ method not found in `ed25519_dalek::Sha512`
[INFO] [stdout] 
[INFO] [stdout] 
[INFO] [stdout] error[E0599]: no method named `result` found for struct `ed25519_dalek::Sha512` in the current scope
[INFO] [stdout]    --> src/vrf/ecvrf.rs:223:32
[INFO] [stdout]     |
[INFO] [stdout] 223 |         hash.copy_from_slice(h.result().as_slice());
[INFO] [stdout]     |                                ^^^^^^ method not found in `ed25519_dalek::Sha512`
[INFO] [stdout] 
[INFO] [stdout] 
[INFO] [stdout] error[E0599]: no method named `result` found for struct `ed25519_dalek::Sha512` in the current scope
[INFO] [stdout]    --> src/vrf/ecvrf.rs:298:18
[INFO] [stdout]     |
[INFO] [stdout] 298 |                 .result()[..],
[INFO] [stdout]     |                  ^^^^^^ method not found in `ed25519_dalek::Sha512`
[INFO] [stdout] 
[INFO] [stdout] 
[INFO] [stdout] error[E0599]: no method named `result` found for struct `ed25519_dalek::Sha512` in the current scope
[INFO] [stdout]    --> src/vrf/ecvrf.rs:310:14
[INFO] [stdout]     |
[INFO] [stdout] 310 |             .result()[..],
[INFO] [stdout]     |              ^^^^^^ method not found in `ed25519_dalek::Sha512`
[INFO] [stdout] 
[INFO] [stdout] 
[INFO] [stdout] error[E0599]: no method named `result` found for struct `ed25519_dalek::Sha512` in the current scope
[INFO] [stdout]    --> src/vrf/ecvrf.rs:321:40
[INFO] [stdout]     |
[INFO] [stdout] 321 |     result[..16].copy_from_slice(&hash.result()[..16]);
[INFO] [stdout]     |                                        ^^^^^^ method not found in `ed25519_dalek::Sha512`
[INFO] [stdout] 
[INFO] [stdout] 
[INFO] [stdout] error: aborting due to 8 previous errors
[INFO] [stdout] 
[INFO] [stdout] 
[INFO] [stdout] For more information about this error, try `rustc --explain E0599`.
[INFO] [stdout] 
[INFO] [stderr] error: could not compile `solana_libra_crypto`.
[INFO] [stderr] 
[INFO] [stderr] To learn more, run the command again with --verbose.
[INFO] [stderr] warning: build failed, waiting for other jobs to finish...
[INFO] [stdout] error[E0599]: no function or associated item named `from_bytes` found for struct `ed25519_dalek::Signature` in the current scope
[INFO] [stdout]    --> src/ed25519.rs:113:41
[INFO] [stdout]     |
[INFO] [stdout] 113 |         match ed25519_dalek::Signature::from_bytes(bytes) {
[INFO] [stdout]     |                                         ^^^^^^^^^^
[INFO] [stdout]     |                                         |
[INFO] [stdout]     |                                         function or associated item not found in `ed25519_dalek::Signature`
[INFO] [stdout]     |                                         help: there is an associated function with a similar name: `to_bytes`
[INFO] [stdout]     |
[INFO] [stdout]     = help: items from traits can only be used if the trait is in scope
[INFO] [stdout]     = note: the following trait is implemented but not in scope; perhaps add a `use` for it:
[INFO] [stdout]             `use ed25519_dalek::ed25519::signature::Signature;`
[INFO] [stdout] 
[INFO] [stdout] 
[INFO] [stdout] error[E0599]: no method named `verify` found for struct `ed25519_dalek::PublicKey` in the current scope
[INFO] [stdout]    --> src/ed25519.rs:322:14
[INFO] [stdout]     |
[INFO] [stdout] 322 |             .verify(message, &self.0)
[INFO] [stdout]     |              ^^^^^^ method not found in `ed25519_dalek::PublicKey`
[INFO] [stdout]     |
[INFO] [stdout]     = help: items from traits can only be used if the trait is in scope
[INFO] [stdout]     = note: the following trait is implemented but not in scope; perhaps add a `use` for it:
[INFO] [stdout]             `use ed25519_dalek::Verifier;`
[INFO] [stdout] 
[INFO] [stdout] 
[INFO] [stdout] error[E0599]: no method named `result` found for struct `ed25519_dalek::Sha512` in the current scope
[INFO] [stdout]    --> src/vrf/ecvrf.rs:197:22
[INFO] [stdout]     |
[INFO] [stdout] 197 |                     .result()[..32],
[INFO] [stdout]     |                      ^^^^^^ method not found in `ed25519_dalek::Sha512`
[INFO] [stdout] 
[INFO] [stdout] 
[INFO] [stdout] error[E0599]: no method named `input` found for struct `ed25519_dalek::Sha512` in the current scope
[INFO] [stdout]    --> src/vrf/ecvrf.rs:222:11
[INFO] [stdout]     |
[INFO] [stdout] 222 |         h.input(private_key.to_bytes());
[INFO] [stdout]     |           ^^^^^ method not found in `ed25519_dalek::Sha512`
[INFO] [stdout] 
[INFO] [stdout] 
[INFO] [stdout] error[E0599]: no method named `result` found for struct `ed25519_dalek::Sha512` in the current scope
[INFO] [stdout]    --> src/vrf/ecvrf.rs:223:32
[INFO] [stdout]     |
[INFO] [stdout] 223 |         hash.copy_from_slice(h.result().as_slice());
[INFO] [stdout]     |                                ^^^^^^ method not found in `ed25519_dalek::Sha512`
[INFO] [stdout] 
[INFO] [stdout] 
[INFO] [stdout] error[E0599]: no method named `result` found for struct `ed25519_dalek::Sha512` in the current scope
[INFO] [stdout]    --> src/vrf/ecvrf.rs:298:18
[INFO] [stdout]     |
[INFO] [stdout] 298 |                 .result()[..],
[INFO] [stdout]     |                  ^^^^^^ method not found in `ed25519_dalek::Sha512`
[INFO] [stdout] 
[INFO] [stdout] 
[INFO] [stdout] error[E0599]: no method named `result` found for struct `ed25519_dalek::Sha512` in the current scope
[INFO] [stdout]    --> src/vrf/ecvrf.rs:310:14
[INFO] [stdout]     |
[INFO] [stdout] 310 |             .result()[..],
[INFO] [stdout]     |              ^^^^^^ method not found in `ed25519_dalek::Sha512`
[INFO] [stdout] 
[INFO] [stdout] 
[INFO] [stdout] error[E0599]: no method named `result` found for struct `ed25519_dalek::Sha512` in the current scope
[INFO] [stdout]    --> src/vrf/ecvrf.rs:321:40
[INFO] [stdout]     |
[INFO] [stdout] 321 |     result[..16].copy_from_slice(&hash.result()[..16]);
[INFO] [stdout]     |                                        ^^^^^^ method not found in `ed25519_dalek::Sha512`
[INFO] [stdout] 
[INFO] [stdout] 
[INFO] [stdout] error[E0599]: no function or associated item named `from_bytes` found for struct `ed25519_dalek::Signature` in the current scope
[INFO] [stdout]    --> src/unit_tests/ed25519_test.rs:115:51
[INFO] [stdout]     |
[INFO] [stdout] 115 |         let dalek_sig = ed25519_dalek::Signature::from_bytes(&serialized);
[INFO] [stdout]     |                                                   ^^^^^^^^^^
[INFO] [stdout]     |                                                   |
[INFO] [stdout]     |                                                   function or associated item not found in `ed25519_dalek::Signature`
[INFO] [stdout]     |                                                   help: there is an associated function with a similar name: `to_bytes`
[INFO] [stdout]     |
[INFO] [stdout]     = help: items from traits can only be used if the trait is in scope
[INFO] [stdout]     = note: the following trait is implemented but not in scope; perhaps add a `use` for it:
[INFO] [stdout]             `use ed25519_dalek::ed25519::signature::Signature;`
[INFO] [stdout] 
[INFO] [stdout] 
[INFO] [stdout] error[E0599]: no method named `verify` found for struct `ed25519_dalek::PublicKey` in the current scope
[INFO] [stdout]    --> src/unit_tests/ed25519_test.rs:120:39
[INFO] [stdout]     |
[INFO] [stdout] 120 |         prop_assert!(dalek_public_key.verify(hash.as_ref(), &dalek_sig.unwrap()).is_ok());
[INFO] [stdout]     |                                       ^^^^^^ method not found in `ed25519_dalek::PublicKey`
[INFO] [stdout]     |
[INFO] [stdout]     = help: items from traits can only be used if the trait is in scope
[INFO] [stdout]     = note: the following trait is implemented but not in scope; perhaps add a `use` for it:
[INFO] [stdout]             `use ed25519_dalek::Verifier;`
[INFO] [stdout] 
[INFO] [stdout] 
[INFO] [stdout] error: aborting due to 10 previous errors
[INFO] [stdout] 
[INFO] [stdout] 
[INFO] [stdout] For more information about this error, try `rustc --explain E0599`.
[INFO] [stdout] 
[INFO] [stderr] error: build failed
[INFO] running `Command { std: "docker" "inspect" "9e86a9635a6002739579bb2abd62de1c01eaba31a10da785c068760c6f573dfd", kill_on_drop: false }`
[INFO] running `Command { std: "docker" "rm" "-f" "9e86a9635a6002739579bb2abd62de1c01eaba31a10da785c068760c6f573dfd", kill_on_drop: false }`
[INFO] [stdout] 9e86a9635a6002739579bb2abd62de1c01eaba31a10da785c068760c6f573dfd
